ded by 25?
14
Calculate the remainder when 120 is divided by 32.
24
Calculate the remainder when 456 is divided by 13.
1
What is the remainder when 509 is divided by 64?
61
Calculate the remainder when 56 is divided by 50.
6
What is the remainder when 416 is divided by 35?
31
Calculate the remainder when 133 is divided by 40.
13
What is the remainder when 232 is divided by 37?
10
What is the remainder when 308 is divided by 177?
131
Calculate the remainder when 97 is divided by 33.
31
Calculate the remainder when 118 is divided by 20.
18
Calculate the remainder when 1370 is divided by 32.
26
What is the remainder when 6147 is divided by 17?
10
What is the remainder when 648 is divided by 25?
23
Calculate the remainder when 2031 is divided by 18.
15
Calculate the remainder when 386 is divided by 100.
86
Calculate the remainder when 208 is divided by 165.
43
What is the remainder when 195 is divided by 90?
15
Calculate the remainder when 386 is divided by 76.
6
What is the remainder when 5668 is divided by 35?
33
What is the remainder when 81 is divided by 12?
9
Calculate the remainder when 111 is divided by 19.
16
Calculate the remainder when 870 is divided by 64.
38
What is the remainder when 287 is divided by 29?
26
What is the remainder when 813 is divided by 8?
5
What is the remainder when 104 is divided by 15?
14
Calculate the remainder when 281 is divided by 50.
31
What is the remainder when 1985 is divided by 392?
25
What is the remainder when 307 is divided by 40?
27
What is the remainder when 478 is divided by 14?
2
What is the remainder when 11280 is divided by 22?
16
Calculate the remainder when 177 is divided by 36.
33
Calculate the remainder when 72 is divided by 33.
6
Calculate the remainder when 552 is divided by 37.
34
Calculate the remainder when 2319 is divided by 5.
4
Calculate the remainder when 44 is divided by 5.
4
What is the remainder when 29 is divided by 4?
1
What is the remainder when 778 is divided by 20?
18
Calculate the remainder when 253 is divided by 85.
83
What is the remainder when 455 is divided by 12?
11
What is the remainder when 272 is divided by 141?
131
What is the remainder when 399 is divided by 31?
27
Calculate the remainder when 477 is divided by 80.
77
What is the remainder when 183 is divided by 69?
45
What is the remainder when 347 is divided by 45?
32
What is the remainder when 416 is divided by 61?
50
Calculate the remainder when 796 is divided by 135.
121
Calculate the remainder when 321 is divided by 54.
51
What is the remainder when 205 is divided by 43?
33
Calculate the remainder when 1534 is divided by 48.
46
Calculate the remainder when 434 is divided by 73.
69
What is the remainder when 143 is divided by 18?
17
Calculate the remainder when 7074 is divided by 12.
6
Calculate the remainder when 3304 is divided by 38.
36
Calculate the remainder when 601 is divided by 67.
65
Calculate the remainder when 708 is divided by 231.
15
Calculate the remainder when 669 is divided by 141.
105
What is the remainder when 91 is divided by 42?
7
What is the remainder when 6921 is divided by 15?
6
Calculate the remainder when 10141 is divided by 69.
67
Calculate the remainder when 84 is divided by 34.
16
Calculate the remainder when 69 is divided by 22.
3
What is the remainder when 223 is divided by 58?
49
Calculate the remainder when 10786 is divided by 116.
114
Calculate the remainder when 731 is divided by 94.
73
Calculate the remainder when 89 is divided by 27.
8
Calculate the remainder when 1769 is divided by 362.
321
Calculate the remainder when 681 is divided by 114.
111
Calculate the remainder when 115 is divided by 42.
31
Calculate the remainder when 50119 is divided by 38.
35
Calculate the remainder when 7141 is divided by 76.
73
What is the remainder when 169 is divided by 33?
4
Calculate the remainder when 651 is divided by 160.
11
Calculate the remainder when 336 is divided by 58.
46
Calculate the remainder when 50 is divided by 25.
0
Calculate the remainder when 19490 is divided by 267.
266
What is the remainder when 117 is divided by 12?
9
Calculate the remainder when 188 is divided by 55.
23
Calculate the remainder when 219 is divided by 58.
45
What is the remainder when 350 is divided by 296?
54
What is the remainder when 8852 is divided by 115?
112
Calculate the remainder when 193 is divided by 99.
94
What is the remainder when 548 is divided by 25?
23
Calculate the remainder when 505 is divided by 40.
25
What is the remainder when 42 is divided by 21?
0
What is the remainder when 671 is divided by 9?
5
Calculate the remainder when 113 is divided by 15.
8
What is the remainder when 274 is divided by 5?
4
Calculate the remainder when 187 is divided by 39.
31
Calculate the remainder when 497 is divided by 9.
2
What is the remainder when 11659 is divided by 36?
31
Calculate the remainder when 145 is divided by 38.
31
What is the remainder when 905 is divided by 83?
75
Calculate the remainder when 554 is divided by 80.
74
What is the remainder when 5284 is divided by 17?
14
What is the remainder when 94 is divided by 26?
16
What is the remainder when 1625 is divided by 163?
158
What is the remainder when 139 is divided by 102?
37
What is the remainder when 1775 is divided by 357?
347
What is the remainder when 1431 is divided by 19?
6
What is the remainder when 294 is divided by 13?
8
Calculate the remainder when 8408 is divided by 58.
56
Calculate the remainder when 526 is divided by 10.
6
Calculate the remainder when 26 is divided by 23.
3
What is the remainder when 484 is divided by 4?
0
Calculate the remainder when 328 is divided by 153.
22
What is the remainder when 62 is divided by 32?
30
Calculate the remainder when 1422 is divided by 19.
16
Calculate the remainder when 1291 is divided by 76.
75
What is the remainder when 10231 is divided by 119?
116
Calculate the remainder when 56 is divided by 4.
0
Calculate the remainder when 23 is divided by 6.
5
Calculate the remainder when 277 is divided by 146.
131
Calculate the remainder when 166 is divided by 31.
11
Calculate the remainder when 1213 is divided by 397.
22
Calculate the remainder when 2412 is divided by 78.
72
Calculate the remainder when 1244 is divided by 6.
2
What is the remainder when 148 is divided by 76?
72
What is the remainder when 208 is divided by 38?
18
Calculate the remainder when 1597 is divided by 13.
11
Calculate the remainder when 802 is divided by 266.
4
What is the remainder when 1312 is divided by 262?
2
What is the remainder when 1199 is divided by 100?
99
Calculate the remainder when 293 is divided by 4.
1
What is the remainder when 617 is divided by 5?
2
Calculate the remainder when 2599 is divided by 65.
64
Calculate the remainder when 154 is divided by 40.
34
What is the remainder when 13152 is divided by 28?
20
Calculate the remainder when 1560 is divided by 11.
9
Calculate the remainder when 383 is divided by 67.
48
Calculate the remainder when 2748 is divided by 17.
11
What is the remainder when 17 is divided by 11?
6
What is the remainder when 21273 is divided by 108?
105
Calculate the remainder when 5179 is divided by 185.
184
Calculate the remainder when 57 is divided by 10.
7
Calculate the remainder when 405 is divided by 57.
6
Calculate the remainder when 6030 is divided by 2003.
21
Calculate the remainder when 342 is divided by 51.
36
What is the remainder when 4892 is divided by 55?
52
What is the remainder when 51 is divided by 6?
3
Calculate the remainder when 66 is divided by 22.
0
What is the remainder when 854 is divided by 107?
105
Calculate the remainder when 1591 is divided by 28.
23
Calculate the remainder when 18157 is divided by 80.
77
What is the remainder when 362 is divided by 62?
52
What is the remainder when 7018 is divided by 26?
24
What is the remainder when 514 is divided by 177?
160
What is the remainder when 13272 is divided by 25?
22
What is the remainder when 117 is divided by 11?
7
Calculate the remainder when 78 is divided by 17.
10
Calculate the remainder when 585 is divided by 194.
3
What is the remainder when 111 is divided by 31?
18
What is the remainder when 388 is divided by 42?
10
Calculate the remainder when 2533 is divided by 39.
37
What is the remainder whe